x(m) be the second derivative of -80*m**3/3 + 5*m**2/2 + 5*m. Is x(-3) a prime number?
False
Let t(d) = d - 6*d + 2*d**2 + 0*d + 3 + d**3. Is t(4) a composite number?
False
Let u = 79 - 42. Suppose 0*k = -k + u. Is k a prime number?
True
Let w(i) = 203*i**2 - 3. Is w(2) a composite number?
False
Suppose 5*o - 12 = 8. Let d = -2 + o. Suppose 226 = -0*p + d*p. Is p a composite number?
False
Let x be -20*2/(-4)*-2. Let j = x + 35. Is j a prime number?
False
Let b(j) = -j**2 - 8*j + 5. Suppose 2*k + 32 = -2*k. Let i be b(k). Is (2/i)/((-4)/(-580)) a composite number?
True
Let t(s) = 30*s**3 + 2*s**2 - 2*s + 1. Suppose -6*h = -2*h - 4. Let f be t(h). Suppose 0 = 2*z - f - 7. Is z prime?
True
Let r(u) = u**2 - u - 1. Let c be r(3). Suppose 54 = 5*q - 4*a - 156, -89 = -3*q - c*a. Is q prime?
False
Let x(l) = 2*l + 3. Let y be x(-2). Let h(k) = -2*k**3 + k**2 - 1. Let g be h(y). Is ((-110)/(-4) - 1)*g a composite number?
False
Let w = -362 + 96. Is (w/(-2))/(-6 + 7) a composite number?
True
Let j(t) = -t + 4. Let f be j(0). Suppose 0*g + 8 = -f*g, 0 = -2*x - 3*g + 4. Let l = x + 17. Is l a prime number?
False
Suppose 2*h = 3*h + 3. Let u(b) = 3*b**2 - 3*b + 2. Let c be u(h). Let y = c - 17. Is y a composite number?
True
Suppose 2*a = -3*t + 46, -t + 8 = a - 7. Suppose 0 = 3*l + l - t, y - 5*l = -17. Suppose y*h - 216 = -h - c, -h + 5*c = -75. Is h composite?
True
Is (-632)/(-3) - 5/(-15) a prime number?
True
Let v = 17 + -12. Suppose 1086 - 311 = v*s. Is s prime?
False
Is 2935/(20/(-4))*-2 a prime number?
False
Let x(p) = -10*p + 5. Let s(d) = -d**2 - 40*d + 19. Let o(i) = -2*s(i) + 9*x(i). Let n be o(6). Let c = 3 + n. Is c composite?
True
Let d = 784 - 211. Is d prime?
False
Let f = 20 + 33. Is f a composite number?
False
Let o be (-4 - (2 + -5))*-1. Let z(l) = 22*l**2 - 1. Is z(o) a composite number?
True
Let o be 0 + 0 - (-205 - 3). Let t = o + -125. Is t composite?
False
Let l be (2/(-5))/((-1)/(-5)). Is (-13)/l - 5/(-10) prime?
True
Suppose -4 = v - p, 5*p = v + v + 17. Suppose -m = -4*m + 48. Let d = v + m. Is d a composite number?
True
Suppose -p + 3*b = -260, -363 + 1115 = 3*p + 5*b. Is p*((-1)/2)/(-1) composite?
False
Let b(v) = 3*v**2 + v. Suppose -3*i + 2*i + 8 = 0. Suppose 0 = 2*l + 2*l + i. Is b(l) prime?
False
Suppose y - 127 - 658 = 0. Suppose -3*j + y = 134. Is j composite?
True
Suppose 0 = -3*h - h + 24. Let b = h - -4. Is b prime?
False
Let k be 9/6*(-1072)/6. Let f = -170 - k. Let x = f + -65. Is x a composite number?
True
Let a be 4/(-6) + 12/(-9). Let v(n) = -2*n**2 - 2*n - 3. Let d be v(a). Let z(h) = -h**3 - 5*h**2 - 4*h + 1. Is z(d) a prime number?
True
Let s(v) = 17*v - 1. Let f = 0 + 4. Let p be s(f). Suppose 4*r - p = 4*o - 383, -160 = -2*o + 3*r. Is o a composite number?
True
Let s(p) = -34*p + 2. Let b be s(-5). Let c = 87 + b. Is c a composite number?
True
Let r(t) be the second derivative of 7*t**4/6 - t**3/2 + 7*t**2/2 + 2*t. Is r(4) a prime number?
False
Suppose 6 = -4*b - 0*l - 5*l, -l + 2 = 4*b. Let f(g) = -6*g**2 + g - 1. Let m be f(b). Is 1/m*-38*3 a composite number?
False
Let x be 4/22 - (-4)/(-22). Suppose x = f + 7 + 1. Is 1*-2*(f + 1) composite?
True
Let y = 148 - 105. Is y a prime number?
True
Let x(d) = -5*d + 9*d**2 - 8 - 2*d - d**3 - d. Suppose -r + 1 = 2, -5*j - 3*r + 32 = 0. Is x(j) prime?
False
Let b = 572 - 183. Is b a prime number?
True
Let o = 621 - 152. Is o composite?
True
Let g(i) = 8*i**2 - i. Is g(1) a prime number?
True
Let q = 1234 + -195. Is q composite?
False
Let f be (0 - 0)/(0 + -1). Suppose -5*c + 4*y + 383 = f, -4*c + 239 + 68 = -3*y. Is c a composite number?
False
Let k = 42 - -404. Is k prime?
False
Let h(g) = -g. Let t(o) = 2*o - 7. Let k(m) = 4*h(m) + t(m). Suppose -5*f - 20 - 15 = 0. Is k(f) a prime number?
True
Suppose 0 = 6*z - 2*z + 3*i - 11, -3*i = -2*z + 19. Suppose -z*d + 29 + 6 = 0. Suppose -2*w + 21 = d. Is w composite?
False
Is 1/(-4) - (-1896)/32 composite?
False
Let z = 199 - -406. Suppose 2*i + z = 7*i. Is i prime?
False
Is (-38184)/(-36) - 2/(-6) a prime number?
True
Let j = -44 + -13. Let k = 240 + -152. Let w = j + k. Is w prime?
True
Suppose -4 - 6 = -5*t. Let h be (-3)/9 + 382/3. Let o = t + h. Is o a composite number?
True
Let r(b) = -b**3 + b**2 + b + 14. Let a be r(0). Let m = a - -147. Is m a composite number?
True
Let k(h) = -3*h**2. Let q be k(-1). Is (0 - 3)*43/q a composite number?
False
Let y(w) = -18*w**3 - w**2 + 3*w + 2. Let p be y(-2). Let s = -45 - -71. Suppose -5*h = s - p. Is h composite?
True
Let a(d) = 86*d**2 - 3*d + 3. Let v be -4 + 3 - 3/(-1). Is a(v) a composite number?
True
Let m = 374 - 609. Let w = -122 - m. Is w composite?
False
Is (4666/(-4))/(3*4/(-24)) prime?
True
Let a(w) = -w**2 + 9*w. Let d be a(9). Suppose -2*y + 4*i + 90 = 0, d*y + 2*y = -4*i + 122. Is y a composite number?
False
Let y be 2 - (16/(-2))/1. Suppose -3*g = -2*s - 5*g + y, -3*s = -3*g - 3. Suppose -20 = -s*o + 85. Is o a composite number?
True
Let s = 49 - -6. Is s a composite number?
True
Is (-5109)/(-33) - 10/(-55) a prime number?
False
Let p(g) = 2*g - 2. Let j be p(2). Suppose -2*v - j*v = -124. Is v a composite number?
False
Let c(p) = -p**3 + 2*p**2 + p. Let y be c(-1). Is (0 + y)/((-22)/(-3707)) a composite number?
False
Let w(f) = -102*f - 1. Let g be w(-1). Let u = g + -50. Is u a prime number?
False
Let w = -148 + 335. Is w composite?
True
Let a(v) = v**3 - 10*v**2 - 10*v + 1. Let j be a(11). Is 4/((-16)/(-61))*j prime?
False
Let l = -3 - 0. Let o = l - -5. Let r(w) = 20*w - 3. Is r(o) prime?
True
Is ((-1784)/(-24))/((-1)/(-3)) composite?
False
Let d(y) = -5 + 2 + 0 + 5 + y**2. Let j(m) = -m**3 + 6*m**2. Let s be j(6). Is d(s) composite?
False
Let f = 2942 + -333. Is f prime?
True
Suppose r - 4*r - 6 = 0. Is ((-12)/(-3))/r - -193 a composite number?
False
Let f(m) = m**3 + 3*m**2 + 2*m. Let k be f(-7). Let d(w) = w**3 + 2*w**2 + 3*w - 1. Let s be d(-3). Let y = s - k. Is y a prime number?
True
Suppose 0 = 2*g + 5*k - 2068, 5*g - 4*g + 3*k = 1033. Is g prime?
True
Let j be (0/1)/(0 + -1). Suppose j = s - 198 + 41. Is s composite?
False
Suppose -3*v + 4 = -2*v. Suppose 9*k - 895 = v*k. Is k composite?
False
Let z be 2/4*4/1. Suppose -a - a = -z*o - 4, -5*a - 2*o + 38 = 0. Is a prime?
False
Is (-1878)/(-4) + 21/14 composite?
True
Suppose -4*u + u = -606. Is u a prime number?
False
Let c(v) = v + 11. Let u be c(-10). Is u/((0 - 1)/(-95)) a prime number?
False
Let t(g) = g**3 + g**2 + 5*g - 2. Let p be t(-4). Let z = p - -161. Is z composite?
True
Let i = 124 - 77. Let a = 164 + i. Is a a prime number?
True
Suppose 0*i + r - 10 = -3*i, -r - 4 = -4*i. Suppose 2*z + 4 = 2*p - 8, 3*z - i*p = -13. Is 2/(-2) + (-68)/z prime?
True
Suppose 5*v - 62 = 4*t, -2*t + v + 50 = -6*t. Let g(m) = m + 42. Let k be g(0). Let c = k - t. Is c prime?
False
Let u = 377 + -234. Is u composite?
True
Let b(w) = 221*w**2 - w + 1. Is b(1) composite?
True
Let m = 39 + 45. Let d = -17 + 17. Suppose d = -0*k - 4*k + m. Is k a composite number?
True
Suppose -6*b + 6530 = -4*b. Is b composite?
True
Let f(w) = -w**2 - w - 1. Let m(d) = 5*d**2 + 8*d + 10. Let x(n) = -6*f(n) - m(n). Is x(-3) prime?
True
Let r(i) = i**3 - 6*i**2 + 7*i + 11. Is r(6) composite?
False
Let g be (9 + -1)*1/2. Suppose 6 = 5*t - g. Is (-50)/(-2) - t/1 a prime number?
True
Let p(i) = -76*i**2 - 6*i + 20. Let m(b) = -25*b**2 - 2*b + 7. Let u(l) = 17*m(l) - 6*p(l). Is u(-4) a prime number?
True
Let u be ((-7)/(28/8))/(-1). Suppose 0 = -2*b + o + 266, -5*b - u*o = -2*b - 399. Is b a prime number?
False
Suppose -4 = 2*x - 3*x. Let l be (0 - x) + 2 + -3. Is (-4)/10 + (-57)/l a prime number?
True
Suppose 4*u - 2*h = h + 14, -4*h = u + 6. Let g(q) = 98*q**2 + 3*q - 3. Is g(u) a prime number?
False
Suppose 0 = x - 3*d - 152, 2*x + 3*d - 320 = -25. Is x a composite number?
False
Let r(u) = -u + 7. Let k be r(5). Suppose 0*w + 4*w - 16 = 0. Suppose 2*v - 170 = -k*s + 4*v, -w*v + 105 = s. Is s prime?
True
Let b be (-115)/3*(5 + -2). Suppose 2*a - 5*t + 56 - 390 = 0, 0 = -4*a + t + 650. Let i = a + b. Is i composite?
False
Suppose 0 = -2*y - 2*y. Let a(x) = -x**2 + x + 158. Let i be a(y). Is 2/8*i*2 a composite number?
False
Suppose 5*y - 437 - 218 = 0. Is y prime?
True
Let k(s) = s**3 + 3*s**2 - 8*s - 10. Let g be k(-4). Suppose 